
Let j = 46 + -2. Suppose 3*r = 7*r + 3*b + 79, -4*b = -4*r - j. Is -1261*(8/r)/(2/4) composite?
True
Let d(q) = 1330*q**2 - 24*q + 17. Is d(-9) composite?
True
Let b(l) = 283067*l - 1000. Is b(1) a composite number?
True
Let c be 45/(-6) + 0 + (-1)/(-2). Let t be c/21 + 62/6. Suppose -3*z + 0*l = 3*l - 45, 2*z - t = 3*l. Is z prime?
True
Suppose 144*u - 18143531 - 15886981 = 0. Is u a composite number?
False
Let y(w) = 1007*w**3 + 37*w - 44*w - 11 + 1234*w**3 + 9*w. Is y(2) a composite number?
False
Let g(a) = 70*a + 151027. Is g(0) prime?
True
Suppose -y + 8*b = 4*b - 5432, -5462 = -y - 2*b. Suppose -2*f + y = -2070. Is f a prime number?
True
Suppose 43*s = 20*s + 713. Suppose 0 = -s*o + 25289 + 115668. Is o a composite number?
False
Let g = 4949 - -40284. Is g a composite number?
False
Suppose 12 = 4*a - 4*s, 3*s - 1 = 8. Suppose a*o - 5485 - 6431 = 0. Suppose 8*k - 1366 = o. Is k a prime number?
True
Let a = 160959 - -19334. Is a prime?
False
Let t(f) = -10*f**3 + 4*f**2 + 30*f + 23. Suppose 6 = 3*o + 36. Is t(o) a composite number?
True
Is (2/1)/(1 - 2641775/2641825) composite?
False
Suppose 4*t + 2*w + 0 = 26, 2*w = 2*t - 4. Suppose -4*f + 88 = 5*l - 195, t*f - 329 = 2*l. Is f a prime number?
True
Let y(w) = 38*w + 119. Let l be y(-3). Is (18/6 + 61064 - l) + -5 composite?
False
Let o(b) = -b**3 - 13*b**2 + 22*b - 39. Let y = 67 + -85. Let x be o(y). Is -1*(4 + (-13)/3)*x a composite number?
True
Suppose 0 = 11*u + 138 + 357. Is ((-23020)/u)/(34/153) a prime number?
False
Suppose 226*p - 28076816 - 21191862 = 0. Is p composite?
False
Let r(a) = 78*a**3 - 24*a**2 - 16*a + 1039. Is r(18) a composite number?
True
Suppose -15 = -5*i + 10. Suppose 5 = 2*q + 5*o - 18, 5*q = -i*o + 35. Let t(d) = 36*d**3 - 4*d**2 - 5*d + 1. Is t(q) composite?
False
Let r(b) = -37*b**3 - 12*b**2 + 21*b + 33. Suppose 23 = 6*z + 71. Is r(z) a composite number?
False
Let y(h) = -24*h - 4*h**2 + 8*h**2 + 56 - 13. Is y(-27) prime?
True
Suppose -57*m = 10089846 - 27168927. Is m a prime number?
False
Let s(f) = -3*f - 6. Let o be s(-3). Suppose -b + 1763 = o*j - 272, j + 5*b = 697. Is j a composite number?
False
Suppose -52784 = -4*r + 2*r - 5*w, 0 = r + 3*w - 26394. Let v = -13873 + r. Is v a composite number?
True
Is (76/19)/(28/3254881) composite?
False
Let l be ((-18634)/(-66))/(2/96). Let m = 22083 - l. Is m a composite number?
True
Suppose -20 + 11 = 9*v. Is ((-4)/8)/(v/13522) a prime number?
True
Let u be 64/1 + 14/(1 + -8). Suppose 66*f - 17492 = u*f. Is f prime?
True
Let c(o) be the second derivative of 0 + 18*o + 1535/2*o**2 - 1/12*o**4 + 7/6*o**3. Is c(0) composite?
True
Let t(l) = -8*l - 14. Let k be t(-6). Let g = -4 - k. Let q = 44 + g. Is q composite?
True
Let c(v) = -14*v**3 + 10*v**2 - 2*v + 7. Let r be c(7). Let f = r - -2282. Let s = -638 - f. Is s composite?
False
Is 10 + -7 + (4 - 1) + 373771 a prime number?
True
Suppose -5*j - 2*a = -84, 4*j - 41 - 21 = a. Let l(q) = -9*q - 3. Let n be l(-2). Suppose -487 = -j*m + n*m. Is m a prime number?
True
Suppose 4*p = -2*p + 144. Suppose -2*j - 4*b + 3*b + p = 0, 5*j - 5*b - 75 = 0. Suppose -j*h = -12*h - 839. Is h a composite number?
False
Suppose 4*g - a - 22193 = 0, -3*a = -5*g - 5807 + 33543. Is g prime?
False
Let b = 48 + -46. Suppose 0 = -b*t - 58 - 304. Let z = t - -432. Is z prime?
True
Let w(o) = -3*o**3 + 7*o**2 + 7*o - 3. Let b be w(3). Is -9 - -6947 - (b - -7) a composite number?
True
Suppose 9*i - p = 11*i + 1305, -1953 = 3*i - 3*p. Let o = i + 1096. Suppose -2*d - 1006 = -4*f, -o = 5*f - 2*d - 1703. Is f a composite number?
True
Suppose k - 5*x - 913812 = 0, -5*k = 29*x - 25*x - 4569263. Is k composite?
True
Suppose -2*y = -2*i - 37178 - 8626, -5*y = -2*i - 114507. Is y composite?
False
Let v(s) = -21*s**2 - s - 2. Let a be v(-1). Let r be -11 + 0 - (a + 21). Is (r + -3)/((-5)/55) a prime number?
False
Let z be 1/(1/(-23)) - 0/4. Let u(m) = m**3 + 25*m**2 + 24*m + 15. Is u(z) prime?
True
Suppose 0 = 26*w - 267051 + 30685. Is w a prime number?
True
Suppose 6 = -2*b - h, -3*b + 0*h + 3*h = -9. Suppose -3*u = 3*m - 3, u = -m + 4*u + 5. Is (-2)/m*(b - 9) composite?
True
Suppose -3*s = -2*r - 8*s + 344919, -3*r + 4*s + 517459 = 0. Is r prime?
False
Suppose -357*k + 376*k - 1094723 - 213560 = 0. Is k prime?
False
Let h(n) = n**2 - 9*n - 46. Let l be h(13). Let u(p) = 20*p**3 + 19*p**2 - 26*p + 5. Is u(l) a prime number?
False
Let v(y) = 5*y**3 - 3*y**2 - 7*y + 1. Let i(n) be the first derivative of 11*n**4/4 - 2*n**3 - 15*n**2/2 + n - 4. Let b(h) = -4*i(h) + 9*v(h). Is b(6) prime?
False
Let b(t) = t**3 + 41*t**2 + 41*t + 77. Let c = -116 + 76. Is b(c) a composite number?
False
Let x = 39 - -20. Let v = 63 - x. Suppose -v*s - 2*f = -4324, 1273 = 4*s - 3*f - 3051. Is s a composite number?
True
Let l(v) = v**3 - 16*v**2 + 11*v - 41. Is l(30) composite?
False
Let s be 2*(6 + -3 + 72/(-16)). Is 1578/2 - (-6)/s prime?
True
Suppose -3*u = -2*f + 5, 3 = -0*u - u. Let d be (f/(1*-4))/(41/164). Suppose -p - 3387 = -d*z + 168, p = -1. Is z a prime number?
True
Let y(q) = q**2 + 580*q + 941665. Is y(0) composite?
True
Is (-2057352 + -1)*(-190)/190 composite?
False
Suppose g + 0 = 3*m + 11, -4*m = -g + 13. Let d be -3 + (95/g)/1. Suppose 21*u - d*u - 3115 = 0. Is u a prime number?
False
Suppose 0*o + 3010 = 5*o. Suppose 6*a - o = 56344. Is a a composite number?
False
Suppose 0 = 4*f + 5*r - 1, -f - r = -1. Suppose 6*o = 3*o + f*p - 35, 0 = -4*o + 5*p - 46. Let q(v) = 2*v**2 + 7*v - 16. Is q(o) a prime number?
True
Suppose 17*r - 46228 = -11*r. Suppose -r - 20490 = -7*a. Is a a prime number?
True
Let g = -12852 + 51740. Suppose 3*u + s - 29153 = 2*s, -4*u = 3*s - g. Is u a prime number?
True
Suppose -4246697 = -194*a + 3643520 - 2684615. Is a composite?
False
Suppose 0*r = -l - 2*r + 35, -2*r = 10. Let z be -2 + 80/l - 5960/(-9). Suppose 2*x + j + j - z = 0, 3*j = 4*x - 1324. Is x a composite number?
False
Let g(x) = 142*x**2 - 4*x + 8. Suppose -37*r = -42*r + 35. Is g(r) composite?
True
Let p(r) = -14*r + 20*r + r**2 - 10*r + 7. Let b be p(5). Suppose -5*x - 3 - b = 0, -x = -2*q + 455. Is q a composite number?
True
Let u be 2 + 5/((-20)/(-88)). Suppose -4*m = -5*x - 35, 5*x - u - 1 = 0. Is 201*(110/m + -3) a prime number?
False
Let h(v) = -581*v**2. Let b(t) = -581*t**2 + t. Let q(j) = 4*b(j) - 5*h(j). Let i be q(1). Suppose -5*d + c = -6*d + i, -c = 2. Is d prime?
True
Let l be (0 - 5)*2/5. Let n(x) = -373*x + 32. Let g(k) = 187*k - 21. Let b(q) = 5*g(q) + 3*n(q). Is b(l) a prime number?
True
Let a be (1 - 2)/((-4)/1276). Suppose -6*j - 133 + 289 = 0. Suppose g + j = a. Is g a prime number?
True
Suppose 8*k - 74 = 14. Suppose 4*t - k = -5*y, -4 = -3*t + 8. Is y/(13/91 - (-220)/(-1491)) a prime number?
False
Let h = 63 + -52. Suppose 2*n - 1742 = -h*n. Is n prime?
False
Let w(z) = -6*z**3 + z**2 - 11*z - 119. Is w(-16) a prime number?
True
Suppose -u + 4*d = 5*d + 23, -3*d - 42 = 2*u. Let v(l) = -l**3 - 27*l**2 - 25*l + 88. Is v(u) a prime number?
False
Suppose -21*q - 3*h + 30389 = -20*q, 60790 = 2*q + 3*h. Let f = 43936 - q. Is f a prime number?
False
Let r = 68254 - 24401. Is r a prime number?
True
Suppose 2*c = 2*v - 6, v + 2*c + 14 = 2. Is 1772*((-4165)/(-748) - v/11) composite?
True
Let m(b) = 9*b - b + 35 - 2*b + 24*b**2. Is m(-22) composite?
False
Let u(y) be the first derivative of 2*y**3/3 + 7*y**2 + 21*y - 181. Let j be 2/4 - 100/(-8). Is u(j) prime?
True
Let n(w) = 17*w + 239. Let c be n(-15). Let v(r) = -3*r + 298. Is v(c) prime?
False
Suppose -20*v = -7*v - 13689. Suppose -1167 - v = -2*m + 5*b, 2*m = 3*b + 2224. Is m a composite number?
True
Let a(d) = -49*d - 34. Let l = 54 + -73. Let j = -24 - l. Is a(j) a composite number?
False
Suppose -2*p = 4*l - 123027 - 55691, 0 = 5*p + l - 446813. Is p composite?
False
Suppose 9*v = 23*v. Suppose v = 28*g - 40766 - 185166. Is g a prime number?
True
Suppose -3*x + 1 = 2*v - 1, -x - 2 = 2*v. Suppose -5*c + 98 = -x. Let j = c + 45. Is j composite?
True
Let h(p) = 442*p**2 - 7*p - 25. Let g be h(-7). Suppose 4*y - 21684 = -s + 5*y, s - g = 3*y. Is s composite?
True
Is (-239130)/(-2) + (-8)/(-12)*-12 prime?
True
Let t(y) = y**3 + 2*y**2 - 8*y - 13. Let x be t(-3). Is ((-8507)/2 + -3)/(x/(-4)) prime?
True
Let u be (1/(-2))/(6191/(-1548) - -4). Let h = u - 